
Is 36551 a composite number?
False
Is 93311 a prime number?
False
Is 226 a composite number?
True
Is 290879 composite?
False
Is 206027 a prime number?
True
Is 17863 prime?
True
Is 64849 a composite number?
False
Is 12323 composite?
False
Is 195659 prime?
True
Is 202013 composite?
True
Is 667583 a prime number?
False
Is 5981 composite?
False
Is 3793 composite?
False
Is 333551 a composite number?
True
Is 3827 a prime number?
False
Is 29521 a composite number?
True
Is 117103 a composite number?
True
Is 540343 composite?
False
Is 8081 a composite number?
False
Is 2927 composite?
False
Is 50381 prime?
False
Is 83983 a composite number?
False
Is 30631 a composite number?
False
Is 253535 a prime number?
False
Is 18503 prime?
True
Is 933617 prime?
False
Is 156323 prime?
False
Is 610429 prime?
True
Is 1502474 a composite number?
True
Is 465581 a prime number?
True
Is 46897 a composite number?
True
Is 10747 a composite number?
True
Is 5683 prime?
True
Is 394349 a composite number?
True
Is 26773 prime?
False
Is 15559 composite?
False
Is 1385 composite?
True
Is 91673 prime?
True
Is 2138093 a prime number?
True
Is 83849 a composite number?
True
Is 19115 prime?
False
Is 89171 prime?
False
Is 1766 prime?
False
Is 3949 prime?
False
Is 885319 a composite number?
True
Is 174349 composite?
True
Is 76819 a prime number?
True
Is 4980097 prime?
True
Is 18227 composite?
True
Is 126097 a prime number?
True
Is 2129 composite?
False
Is 1648381 prime?
False
Is 544153 prime?
False
Is 322681 composite?
True
Is 174169 prime?
True
Is 18041 composite?
False
Is 53894 composite?
True
Is 115151 prime?
True
Is 710557 prime?
True
Is 9029 a prime number?
True
Is 539029 composite?
True
Is 14761 prime?
False
Is 285791 composite?
True
Is 5737 a composite number?
False
Is 571567 composite?
True
Is 4847 prime?
False
Is 150349 prime?
False
Is 19841 prime?
True
Is 2333 a composite number?
False
Is 89431 composite?
False
Is 351051 a prime number?
False
Is 4513 prime?
True
Is 49783 a composite number?
False
Is 66631 prime?
False
Is 45481 prime?
True
Is 15479 composite?
True
Is 2995751 composite?
True
Is 2953 prime?
True
Is 834893 composite?
False
Is 7103 composite?
False
Is 16621 a composite number?
True
Is 3401 prime?
False
Is 451541 prime?
True
Is 17777 a prime number?
False
Is 1201 prime?
True
Is 3126847 a prime number?
True
Is 248407 composite?
False
Is 130927 composite?
False
Is 5557 prime?
True
Is 61255 a prime number?
False
Is 89151 composite?
True
Is 20869 prime?
False
Is 67883 prime?
True
Is 889 prime?
False
Is 2210851 a composite number?
False
Is 20751 a prime number?
False
Is 5663 prime?
False
Is 43373 a composite number?
True
Is 18053 composite?
True
Is 381 prime?
False
Is 260023 a composite number?
False
Is 2128823 composite?
False
Is 2068061 a composite number?
False
Is 391157 prime?
False
Is 3061759 a composite number?
False
Is 1477 a prime number?
False
Is 245251 composite?
False
Is 2773 a prime number?
False
Is 662 a composite number?
True
Is 10243 prime?
True
Is 10687 prime?
True
Is 222541 prime?
False
Is 1639 a prime number?
False
Is 25841 composite?
False
Is 7609 a prime number?
False
Is 11789 a composite number?
False
Is 8117 a prime number?
True
Is 14631 prime?
False
Is 709 prime?
True
Is 61349 prime?
False
Is 41831 composite?
True
Is 17851 prime?
True
Is 246671 prime?
False
Is 325571 composite?
False
Is 23509 a composite number?
False
Is 7121 composite?
False
Is 3337 a prime number?
False
Is 274147 prime?
True
Is 16009 a composite number?
True
Is 54658 a composite number?
True
Is 2671021 prime?
True
Is 11563 prime?
False
Is 134579 composite?
True
Is 34399 prime?
False
Is 1205081 composite?
False
Is 31367 prime?
False
Is 72187 prime?
False
Is 149437 composite?
True
Is 24259 a composite number?
True
Is 241759 prime?
False
Is 34837 prime?
False
Is 14971 composite?
True
Is 590781 prime?
False
Is 6143 prime?
True
Is 9722 a composite number?
True
Is 347911 prime?
False
Is 42239 a composite number?
False
Is 142019 a prime number?
True
Is 24611 a prime number?
True
Is 123359 composite?
True
Is 8563 a prime number?
True
Is 4801 prime?
True
Is 232583 composite?
True
Is 848383 composite?
False
Is 4113977 composite?
True
Is 1593505 a prime number?
False
Is 3831 a composite number?
True
Is 2785 prime?
False
Is 2758771 prime?
True
Is 4352613 prime?
False
Is 361379 composite?
True
Is 9587 a prime number?
True
Is 22051 a composite number?
False
Is 10559 a prime number?
True
Is 60693 composite?
True
Is 772957 a composite number?
True
Is 29681 a composite number?
True
Is 2033 prime?
False
Is 82129 composite?
False
Is 509035 a composite number?
True
Is 136093 a composite number?
False
Is 15241 prime?
True
Is 35729 composite?
False
Is 2631 composite?
True
Is 53773 a prime number?
True
Is 11665 composite?
True
Is 3037999 a prime number?
True
Is 530983 a composite number?
False
Is 2045 a composite number?
True
Is 31461 a composite number?
True
Is 2996993 a prime number?
False
Is 257947 composite?
False
Is 64937 a prime number?
True
Is 1216659 a composite number?
True
Is 6731 prime?
False
Is 8147 composite?
False
Is 39067 prime?
False
Is 46573 a composite number?
False
Is 148609 composite?
False
Is 46589 a prime number?
True
Is 22141 a composite number?
True
Is 45943 a composite number?
False
Is 1331633 a prime number?
True
Is 66293 prime?
True
Is 19959 prime?
False
Is 560357 a composite number?
True
Is 15551 composite?
False
Is 8986 composite?
True
Is 10753 a prime number?
True
Is 6607 a prime number?
True
Is 5447 composite?
True
Is 60943 composite?
False
Is 23995 prime?
False
Is 693943 composite?
False
Is 65881 a composite number?
False
Is 44819 a composite number?
False
Is 147689 a composite number?
False
Is 55877 composite?
True
Is 30587 composite?
True
Is 5387 a composite number?
False
Is 381935 prime?
False
Is 17774 a prime number?
False
Is 40799 composite?
True
Is 131891 a prime number?
True
Is 170123 a prime number?
True
Is 409503 a composite number?
True
Is 85691 a composite number?
False
Is 66881 prime?
False
Is 336793 composite?
False
Is 877681 prime?
False
Is 34631 prime?
True
Is 187441 composite?
False
Is 3349 a prime number?
False
Is 91145 prime?
False
Is 5580817 composite?
True
Is 132683 prime?
False
Is 20639 a composite number?
False
Is 379 prime?
True
Is 2927 a prime number?
True
Is 2090537 composite?
True
Is 18971 a composite number?
True
Is 17087 prime?
False
Is 139259 prime?
False
Is 63823 composite?
False
Is 219 prime?
False
Is 299 a prime number?
False
Is 1831 prime?
True
Is 80839 a composite number?
True
Is 97073 composite?
False
Is 102331 a composite number?
True
Is 4827 a prime number?
False
Is 1973 a composite number?
False
Is 2203 composite?
False
Is 12577 a prime number?
True
Is 11278 a composite number?
True
Is 13963 composite?
False
Is 118127 a prime number?
True
Is 2713471 a prime number?
False
Is 907 prime?
True
Is 75661 a prime number?
False
Is 244327 a prime number?
False
Is 4741 a prime number?
False
Is 30631 prime?
True
Is 57445 prime?
False
Is 69109 composite?
False
Is 163067 composite?
True
Is 1039 a composite number?
False
Is 197887 a prime number?
True
Is 9089 prime?
False
Is 839 a composite number?
False
Is 5461 prime?
False
Is 1623799 prime?
True
Is 91717 composite?
True
Is 24253 a prime number?
False
Is 92269 a prime number?
True
Is 50851 prime?
False
Is 2927 composite?
False
Is 18041 a prime number?
True
Is 53047 a prime number?
True
Is 29681 a prime number?
False
Is 44353 a prime number?
False
Is 2423 a composite number?
False
Is 43103 composite?
False
Is 1817 a composite number?
True
Is 168127 a composite number?
False
Is 26759 prime?
True
Is 25339 prime?
True
Is 36154 a prime number?
False
Is 1494973 prime?
True
Is 2668469 prime?
True
Is 30029 a prime number?
True
Is 239929 composite?
False
Is 9998 composite?
True
Is 27883 composite?
False
Is 1202709 prime?
False
Is 369791 a prime number?
True
Is 55313 a prime number?
True
Is 87697 prime?
True
Is 133153 a composite number?
False
Is 178109 a composite number?
True
Is 2830277 composite?
False
Is 293773 a composite number?
False
Is 104723 prime?
True
Is 21349 composite?
True
Is 325265 composite?
True
Is 110017 prime?
True
Is 123157 composite?
True
Is 20323 a composite number?
False
Is 14813